{"id":870,"date":"2020-05-22T21:21:00","date_gmt":"2020-05-22T19:21:00","guid":{"rendered":"http:\/\/www.opencloudblog.com\/?page_id=870"},"modified":"2021-01-16T13:36:22","modified_gmt":"2021-01-16T12:36:22","slug":"datenschutzerklaerung","status":"publish","type":"page","link":"https:\/\/www.opencloudblog.com\/?page_id=870","title":{"rendered":"Datenschutzerkl\u00e4rung"},"content":{"rendered":"<h2>Wer wir sind<\/h2>\n<p>Die Adresse unserer Website ist: http:\/\/www.opencloudblog.com.<\/p>\n<h2>Welche personenbezogenen Daten wir sammeln und warum wir sie sammeln<\/h2>\n<h3>Kommentare<\/h3>\n<p>Besucher k\u00f6nnen sich auf dieser Seite nicht anmelden. Die \u00fcblichen Kommentarfunktionen von WordPress sind alle abgeschaltet.<\/p>\n<h3>Medien<\/h3>\n<p>Das hochladen von Medien ist nur f\u00fcr Admins m\u00f6glich.<\/p>\n<h3>Kontaktformulare<\/h3>\n<p>Ein Kontaktformular gibt es nicht. Nutzer k\u00f6nnen ihren Mailclient nutzen und den Admin dieser Site erreichen (siehe Hauptseite)<\/p>\n<h3>Cookies<\/h3>\n<p>Eine Anmeldung ist auf dieser Site nur f\u00fcr Admins m\u00f6glich. Cookies werden nur tempor\u00e4r genutzt um die Funktion dieser Site bereitzustellen. Eine Auswertung der Cookies erfolgt nicht.<\/p>\n<h3>Eingebettete Inhalte von anderen Websites<\/h3>\n<p>Beitr\u00e4ge auf dieser Website k\u00f6nnen eingebettete Inhalte beinhalten (z.&nbsp;B. Videos, Bilder, Beitr\u00e4ge etc.). Eingebettete Inhalte von anderen Websites verhalten sich exakt so, als ob der Besucher die andere Website besucht h\u00e4tte.<\/p>\n<p>Diese Websites k\u00f6nnen Daten \u00fcber dich sammeln, Cookies benutzen, zus\u00e4tzliche Tracking-Dienste von Dritten einbetten und deine Interaktion mit diesem eingebetteten Inhalt aufzeichnen, inklusive deiner Interaktion mit dem eingebetteten Inhalt, falls du ein Konto hast und auf dieser Website angemeldet bist.<\/p>\n<h3>Analysedienste<\/h3>\n<p>Keine in Verwendung.<\/p>\n<p>Datenschtzkontakt und L\u00f6schantr\u00e4ge: datenschutz@opencloudblog.com<\/p>\n","protected":false},"excerpt":{"rendered":"<p>Wer wir sind Die Adresse unserer Website ist: http:\/\/www.opencloudblog.com. Welche personenbezogenen Daten wir sammeln und warum wir sie sammeln Kommentare Besucher k\u00f6nnen sich auf dieser Seite nicht anmelden. Die \u00fcblichen Kommentarfunktionen von WordPress sind alle abgeschaltet. Medien Das hochladen von Medien ist nur f\u00fcr Admins m\u00f6glich. Kontaktformulare Ein Kontaktformular gibt es nicht. Nutzer k\u00f6nnen ihren [&hellip;]<\/p>\n","protected":false},"author":1,"featured_media":0,"parent":0,"menu_order":0,"comment_status":"closed","ping_status":"closed","template":"","meta":{"footnotes":""},"_links":{"self":[{"href":"https:\/\/www.opencloudblog.com\/index.php?rest_route=\/wp\/v2\/pages\/870"}],"collection":[{"href":"https:\/\/www.opencloudblog.com\/index.php?rest_route=\/wp\/v2\/pages"}],"about":[{"href":"https:\/\/www.opencloudblog.com\/index.php?rest_route=\/wp\/v2\/types\/page"}],"author":[{"embeddable":true,"href":"https:\/\/www.opencloudblog.com\/index.php?rest_route=\/wp\/v2\/users\/1"}],"replies":[{"embeddable":true,"href":"https:\/\/www.opencloudblog.com\/index.php?rest_route=%2Fwp%2Fv2%2Fcomments&post=870"}],"version-history":[{"count":5,"href":"https:\/\/www.opencloudblog.com\/index.php?rest_route=\/wp\/v2\/pages\/870\/revisions"}],"predecessor-version":[{"id":910,"href":"https:\/\/www.opencloudblog.com\/index.php?rest_route=\/wp\/v2\/pages\/870\/revisions\/910"}],"wp:attachment":[{"href":"https:\/\/www.opencloudblog.com\/index.php?rest_route=%2Fwp%2Fv2%2Fmedia&parent=870"}],"curies":[{"name":"wp","href":"https:\/\/api.w.org\/{rel}","templated":true}]}}